{"id":130,"date":"2016-01-13T12:16:56","date_gmt":"2016-01-13T11:16:56","guid":{"rendered":"http:\/\/www.haus-lavie.de\/?page_id=130"},"modified":"2018-01-09T15:44:49","modified_gmt":"2018-01-09T14:44:49","slug":"dr-med-dr-med-dent-volker-nasse-dr-med-dr-med-dent-tim-bartholl-mund-kiefer-und-gesichtschirurgie","status":"publish","type":"page","link":"https:\/\/www.haus-lavie.de\/?page_id=130","title":{"rendered":"Dr. med. Dr. med. dent. Volker Nasse | Dr. med. Dr. med. dent. Tim Bartholl &#8211; Mund-, Kiefer- und Gesichtschirurgie"},"content":{"rendered":"<div id='full_slider_1'  class='avia-fullwidth-slider main_color avia-shadow   avia-builder-el-0  el_before_av_one_third  avia-builder-el-first   container_wrap fullsize'  ><div  class='avia-slideshow av-av_slideshow_full-32de997090c749a8c82b86d1ff824dd4 avia-slideshow-featured av_slideshow_full avia-slide-slider av-slideshow-ui av-control-default av-slideshow-manual av-loop-once av-loop-manual-endless av-default-height-applied   avia-slideshow-1' data-slideshow-options=\"{&quot;animation&quot;:&quot;slide&quot;,&quot;autoplay&quot;:false,&quot;loop_autoplay&quot;:&quot;once&quot;,&quot;interval&quot;:5,&quot;loop_manual&quot;:&quot;manual-endless&quot;,&quot;autoplay_stopper&quot;:false,&quot;noNavigation&quot;:false,&quot;bg_slider&quot;:false,&quot;keep_padding&quot;:false,&quot;hoverpause&quot;:false,&quot;show_slide_delay&quot;:0}\"  itemprop=\"image\" itemscope=\"itemscope\" itemtype=\"https:\/\/schema.org\/ImageObject\" ><ul class='avia-slideshow-inner ' style='padding-bottom: 28.666666666667%;'><li  class='avia-slideshow-slide av-av_slideshow_full-32de997090c749a8c82b86d1ff824dd4__0  av-single-slide slide-1 slide-odd'><div data-rel='slideshow-1' class='avia-slide-wrap '   ><img fetchpriority=\"high\" class=\"wp-image-482 avia-img-lazy-loading-not-482\"  src='https:\/\/www.haus-lavie.de\/wp-content\/uploads\/2017\/12\/La-Vie_Bartholl_Nasse-1500x430.jpg' width='1500' height='430' title='La Vie_Bartholl_Nasse' alt=''  itemprop=\"thumbnailUrl\"   \/><\/div><\/li><\/ul><\/div><\/div><div id='after_full_slider_1'  class='main_color av_default_container_wrap container_wrap fullsize'  ><div class='container av-section-cont-open' ><div class='template-page content  av-content-full alpha units'><div class='post-entry post-entry-type-page post-entry-130'><div class='entry-content-wrapper clearfix'>\n\n<style type=\"text\/css\" data-created_by=\"avia_inline_auto\" id=\"style-css-av-av_one_third-9497bbf8bff73ea4c6992cc17fa9ec36\">\n.flex_column.av-av_one_third-9497bbf8bff73ea4c6992cc17fa9ec36{\nborder-radius:0px 0px 0px 0px;\npadding:0px 0px 0px 0px;\n}\n<\/style>\n<div  class='flex_column av-av_one_third-9497bbf8bff73ea4c6992cc17fa9ec36 av_one_third  avia-builder-el-1  el_after_av_slideshow_full  el_before_av_two_third  avia-builder-el-first  first flex_column_div av-zero-column-padding  '     ><p>\n<style type=\"text\/css\" data-created_by=\"avia_inline_auto\" id=\"style-css-av-av_heading-ad2894708801f34f0b198cba8cd92ffe\">\n#top .av-special-heading.av-av_heading-ad2894708801f34f0b198cba8cd92ffe{\npadding-bottom:10px;\n}\nbody .av-special-heading.av-av_heading-ad2894708801f34f0b198cba8cd92ffe .av-special-heading-tag .heading-char{\nfont-size:25px;\n}\n.av-special-heading.av-av_heading-ad2894708801f34f0b198cba8cd92ffe .av-subheading{\nfont-size:15px;\n}\n<\/style>\n<div  class='av-special-heading av-av_heading-ad2894708801f34f0b198cba8cd92ffe av-special-heading-h3 blockquote modern-quote  avia-builder-el-2  el_before_av_textblock  avia-builder-el-first '><h3 class='av-special-heading-tag '  itemprop=\"headline\"  >Leistungen<\/h3><div class=\"special-heading-border\"><div class=\"special-heading-inner-border\"><\/div><\/div><\/div><br \/>\n<section  class='av_textblock_section av-av_textblock-2de302bf1aa3cf4c9157dbe6f50ac7eb '   itemscope=\"itemscope\" itemtype=\"https:\/\/schema.org\/CreativeWork\" ><div class='avia_textblock'  itemprop=\"text\" ><ul>\n<li>Implantologie<\/li>\n<li>3-D Diagnostik (digitale Volumentomographie, DVT)<\/li>\n<li>Mund-Kiefer-Gesichtschirurgie<\/li>\n<li>dentoalveol\u00e4re Chirurgie<\/li>\n<li>Oralchirurgie<\/li>\n<li>Entfernung von Weisheitsz\u00e4hnen<\/li>\n<li>Wurzelspitzenresektionen<\/li>\n<li>Zahnsanierung in Narkose<\/li>\n<li>Sedierung\/D\u00e4mmerschlaf<\/li>\n<li>Angstpatienten<\/li>\n<li>Risikopatienten<\/li>\n<li>Tumornachsorge<\/li>\n<li>Dermatochirurgie<\/li>\n<\/ul>\n<\/div><\/section><\/p><\/div>\n<style type=\"text\/css\" data-created_by=\"avia_inline_auto\" id=\"style-css-av-av_two_third-9c1d454dc06f7247226bc4e8f931daae\">\n.flex_column.av-av_two_third-9c1d454dc06f7247226bc4e8f931daae{\nborder-radius:0px 0px 0px 0px;\npadding:0px 0px 0px 0px;\n}\n<\/style>\n<div  class='flex_column av-av_two_third-9c1d454dc06f7247226bc4e8f931daae av_two_third  avia-builder-el-4  el_after_av_one_third  el_before_av_one_half  flex_column_div av-zero-column-padding  '     ><p>\n<style type=\"text\/css\" data-created_by=\"avia_inline_auto\" id=\"style-css-av-av_image-9400b4ed45893ca4791a79979aceaedc\">\n.avia-image-container.av-av_image-9400b4ed45893ca4791a79979aceaedc img.avia_image{\nbox-shadow:none;\n}\n.avia-image-container.av-av_image-9400b4ed45893ca4791a79979aceaedc .av-image-caption-overlay-center{\ncolor:#ffffff;\n}\n<\/style>\n<div  class='avia-image-container av-av_image-9400b4ed45893ca4791a79979aceaedc av-styling- avia-align-center  avia-builder-el-5  el_before_av_textblock  avia-builder-el-first '   itemprop=\"image\" itemscope=\"itemscope\" itemtype=\"https:\/\/schema.org\/ImageObject\" ><div class=\"avia-image-container-inner\"><div class=\"avia-image-overlay-wrap\"><img fetchpriority=\"high\" class='wp-image-132 avia-img-lazy-loading-not-132 avia_image ' src='https:\/\/www.haus-lavie.de\/wp-content\/uploads\/2016\/01\/Nasse_Bartholl_Kieferchirurgie__131595839.jpg' alt='Nasse_Bartholl_Kieferchirurgie_' title='Nasse_Bartholl_Kieferchirurgie_'  height=\"800\" width=\"2000\"  itemprop=\"thumbnailUrl\"  \/><\/div><\/div><\/div><br \/>\n<section  class='av_textblock_section av-av_textblock-2de302bf1aa3cf4c9157dbe6f50ac7eb '   itemscope=\"itemscope\" itemtype=\"https:\/\/schema.org\/CreativeWork\" ><div class='avia_textblock'  itemprop=\"text\" ><p>Unsere 1997 gegr\u00fcndete Praxis mit ambulantem Operationssaal und Aufwachraum liegt im Zentrum von Dorsten, dem Tor zum M\u00fcnsterland. Im \u00c4rztehaus LaVie.<\/p>\n<p>Es ist eines unserer Hauptanliegen in einer angst- und schmerzfreien Atmosph\u00e4re immer das Bestm\u00f6gliche f\u00fcr Sie und Ihre Gesundheit zu tun. Besondere Patientenfreundlichkeit, langj\u00e4hrige Erfahrung und Fachwissen sollen hierzu beitragen. Wir wollen Ihnen den Aufenthalt in unseren Praxisr\u00e4umen so angenehm wie m\u00f6glich gestalten.<\/p>\n<p>Die hochwertige ger\u00e4tetechnische und instrumentelle Ausstattung sowie moderne Diagnostik- und Therapieverfahren erm\u00f6glichen dabei optimale Therapieergebnisse. Zur Anwendung kommen ausschlie\u00dflich hochwertige und klinisch erprobte Materialien. In unseren Praxis- und OP-R\u00e4umen mit angeschlossenem Aufwachraum f\u00fchren wir schon seit 1997 in Zusammenarbeit mit einem erfahrenen Narkosearzt Eingriffe im D\u00e4mmerschlaf und in Vollnarkose durch. Auch bei der Behandlung von sog. Risikopatienten mit entsprechenden internistischen, neurologischen etc. Grundleiden steht uns, nicht zuletzt auch zu Ihrer Sicherheit, der An\u00e4sthesist zur Seite. Ein besonderer Schwerpunkt der Praxis ist die dentale Implantologie. Zusammen mit Ihrem Zahnarzt beraten wir Sie gerne bez\u00fcglich einer Implantatgetragenen Prothetik.<\/p>\n<p>Als reine \u00dcberweiserpraxis sind wir seit \u00fcber 20 Jahren der chirurgische Partner Ihrer Zahn\u00e4rztin bzw. Ihres Zahnarztes.<\/p>\n<\/div><\/section><\/p><\/div>\n<style type=\"text\/css\" data-created_by=\"avia_inline_auto\" id=\"style-css-av-av_one_half-9497bbf8bff73ea4c6992cc17fa9ec36\">\n.flex_column.av-av_one_half-9497bbf8bff73ea4c6992cc17fa9ec36{\nborder-radius:0px 0px 0px 0px;\npadding:0px 0px 0px 0px;\n}\n<\/style>\n<div  class='flex_column av-av_one_half-9497bbf8bff73ea4c6992cc17fa9ec36 av_one_half  avia-builder-el-7  el_after_av_two_third  el_before_av_one_half  first flex_column_div av-zero-column-padding  column-top-margin'     ><p>\n<style type=\"text\/css\" data-created_by=\"avia_inline_auto\" id=\"style-css-av-av_heading-f8d4b028f79fb98bab60a29793f9fde1\">\n#top .av-special-heading.av-av_heading-f8d4b028f79fb98bab60a29793f9fde1{\npadding-bottom:10px;\n}\nbody .av-special-heading.av-av_heading-f8d4b028f79fb98bab60a29793f9fde1 .av-special-heading-tag .heading-char{\nfont-size:25px;\n}\n.av-special-heading.av-av_heading-f8d4b028f79fb98bab60a29793f9fde1 .av-subheading{\nfont-size:15px;\n}\n<\/style>\n<div  class='av-special-heading av-av_heading-f8d4b028f79fb98bab60a29793f9fde1 av-special-heading-h3 blockquote modern-quote  avia-builder-el-8  el_before_av_textblock  avia-builder-el-first '><h3 class='av-special-heading-tag '  itemprop=\"headline\"  >Praxis Dr. med. Dr. med. dent. Volker Nasse | Dr. med. Dr. med. dent. Tim Bartholl<\/h3><div class=\"special-heading-border\"><div class=\"special-heading-inner-border\"><\/div><\/div><\/div><br \/>\n<section  class='av_textblock_section av-av_textblock-2de302bf1aa3cf4c9157dbe6f50ac7eb '   itemscope=\"itemscope\" itemtype=\"https:\/\/schema.org\/CreativeWork\" ><div class='avia_textblock'  itemprop=\"text\" ><p>Halterner Stra\u00dfe 17 b\u00a0\u2013 Haus A<br \/>\n46284 Dorsten<\/p>\n<p>Telefon: 0 23 62 \u2013\u00a081 56 2<br \/>\nFax: 0 23 62 \u2013\u00a081 56 4<\/p>\n<p><a href=\"mailto:info@mkg-lavie.de\">info@mkg-lavie.de<\/a><br \/>\n<a href=\"http:\/\/mkg-lavie.de\">mkg-lavie.de<\/a><\/p>\n<\/div><\/section><\/p><\/div><\/p>\n\n<style type=\"text\/css\" data-created_by=\"avia_inline_auto\" id=\"style-css-av-av_one_half-9c1d454dc06f7247226bc4e8f931daae\">\n.flex_column.av-av_one_half-9c1d454dc06f7247226bc4e8f931daae{\nborder-radius:0px 0px 0px 0px;\npadding:0px 0px 0px 0px;\n}\n<\/style>\n<div  class='flex_column av-av_one_half-9c1d454dc06f7247226bc4e8f931daae av_one_half  avia-builder-el-10  el_after_av_one_half  avia-builder-el-last  flex_column_div av-zero-column-padding  column-top-margin'     ><p>\n<style type=\"text\/css\" data-created_by=\"avia_inline_auto\" id=\"style-css-av-av_heading-846ecaf0d1af38cdde8ac9feff72fd8e\">\n#top .av-special-heading.av-av_heading-846ecaf0d1af38cdde8ac9feff72fd8e{\npadding-bottom:10px;\n}\nbody .av-special-heading.av-av_heading-846ecaf0d1af38cdde8ac9feff72fd8e .av-special-heading-tag .heading-char{\nfont-size:25px;\n}\n.av-special-heading.av-av_heading-846ecaf0d1af38cdde8ac9feff72fd8e .av-subheading{\nfont-size:15px;\n}\n<\/style>\n<div  class='av-special-heading av-av_heading-846ecaf0d1af38cdde8ac9feff72fd8e av-special-heading-h3 blockquote modern-quote  avia-builder-el-11  el_before_av_textblock  avia-builder-el-first '><h3 class='av-special-heading-tag '  itemprop=\"headline\"  >Sprechstunden<\/h3><div class=\"special-heading-border\"><div class=\"special-heading-inner-border\"><\/div><\/div><\/div><br \/>\n<section  class='av_textblock_section av-av_textblock-2de302bf1aa3cf4c9157dbe6f50ac7eb '   itemscope=\"itemscope\" itemtype=\"https:\/\/schema.org\/CreativeWork\" ><div class='avia_textblock'  itemprop=\"text\" ><p><strong>Montag \u2013 Freitag<\/strong><\/p>\n<p>Bitte rufen Sie uns an und vereinbaren eine Termin!<\/p>\n<p>Tel. 0 23 62 &#8211; 8 15 62<\/p>\n<\/div><\/section><\/p><\/div>\n","protected":false},"excerpt":{"rendered":"","protected":false},"author":3,"featured_media":0,"parent":21,"menu_order":0,"comment_status":"closed","ping_status":"closed","template":"","meta":{"footnotes":""},"class_list":["post-130","page","type-page","status-publish","hentry"],"aioseo_notices":[],"_links":{"self":[{"href":"https:\/\/www.haus-lavie.de\/index.php?rest_route=\/wp\/v2\/pages\/130","targetHints":{"allow":["GET"]}}],"collection":[{"href":"https:\/\/www.haus-lavie.de\/index.php?rest_route=\/wp\/v2\/pages"}],"about":[{"href":"https:\/\/www.haus-lavie.de\/index.php?rest_route=\/wp\/v2\/types\/page"}],"author":[{"embeddable":true,"href":"https:\/\/www.haus-lavie.de\/index.php?rest_route=\/wp\/v2\/users\/3"}],"replies":[{"embeddable":true,"href":"https:\/\/www.haus-lavie.de\/index.php?rest_route=%2Fwp%2Fv2%2Fcomments&post=130"}],"version-history":[{"count":6,"href":"https:\/\/www.haus-lavie.de\/index.php?rest_route=\/wp\/v2\/pages\/130\/revisions"}],"predecessor-version":[{"id":487,"href":"https:\/\/www.haus-lavie.de\/index.php?rest_route=\/wp\/v2\/pages\/130\/revisions\/487"}],"up":[{"embeddable":true,"href":"https:\/\/www.haus-lavie.de\/index.php?rest_route=\/wp\/v2\/pages\/21"}],"wp:attachment":[{"href":"https:\/\/www.haus-lavie.de\/index.php?rest_route=%2Fwp%2Fv2%2Fmedia&parent=130"}],"curies":[{"name":"wp","href":"https:\/\/api.w.org\/{rel}","templated":true}]}}